{"id":193,"date":"2021-11-04T14:41:07","date_gmt":"2021-11-04T14:41:46","guid":{"rendered":"http:\/\/news.1ntel.fr\/index.php\/thematiques\/"},"modified":"2023-11-19T17:16:53","modified_gmt":"2023-11-19T17:16:53","slug":"thematiques","status":"publish","type":"page","link":"https:\/\/news.1ntel.fr\/index.php\/thematiques\/","title":{"rendered":"Th\u00e9matiques &#8211; Tableau de bord"},"content":{"rendered":"<div id=\"pl-gb193-69f9d898add2a\"  class=\"panel-layout\" ><div id=\"pg-gb193-69f9d898add2a-0\"  class=\"panel-grid panel-no-style\" ><div id=\"pgc-gb193-69f9d898add2a-0-0\"  class=\"panel-grid-cell\" ><div id=\"panel-gb193-69f9d898add2a-0-0-0\" class=\"so-panel widget widget_super_rss_reader panel-first-child panel-last-child\" data-index=\"0\" ><h3 class=\"widget-title\">Intelligence Artificielle<\/h3><!-- Start - Super RSS Reader v5.4-->\r\n        <div class=\"super-rss-reader-widget\"><div class=\"srr-main\"><div class=\"srr-wrap srr-style-grey srr-vticker\" data-visible=\"5\" data-speed=\"4000\" data-id=\"srr-tab-890\"><div class=\"srr-inner\"><div class=\"srr-item\" ><div class=\"srr-item-in srr-clearfix\"><div class=\"srr-title\"><a href=\"https:\/\/news.evokepr.be\/un-rapport-de-fortinet-met-en-evidence-un-ecart-croissant-en-matiere-de-securite-des-applications-des-api-et-des-charges-de-travail-liees-a-lia\" target=\"_blank\" rel=\"nofollow noopener noreferrer\" title=\"Un rapport de Fortinet met en \u00e9vidence un \u00e9cart croissant en mati\u00e8re de s\u00e9curit\u00e9 des applications, des API et des charges de travail li\u00e9es \u00e0 l\u2019IA\">Un rapport de Fortinet met en \u00e9vidence un \u00e9cart croissant en mati\u00e8re de s\u00e9curit\u00e9 des applications, des API et des charges de travail li\u00e9es \u00e0 l\u2019IA<\/a><\/div>\n<div class=\"srr-meta\"><time class=\"srr-date\" title=\"23 April 2026, 4:40 pm UTC\">23 avril 2026<\/time><\/div>\n\n<\/div><\/div><div class=\"srr-item srr-stripe\" ><div class=\"srr-item-in srr-clearfix\"><div class=\"srr-title\"><a href=\"https:\/\/www.zdnet.fr\/actualites\/le-modele-gemma-4-de-google-passe-entierement-en-open-source-et-offre-une-ia-locale-puissante-meme-sur-les-smatphones-493077.htm\" target=\"_blank\" rel=\"nofollow noopener noreferrer\" title=\"Le mod\u00e8le Gemma 4 de Google passe enti\u00e8rement en open source et offre une IA locale puissante, m\u00eame sur les smatphones - ZDNET\">Le mod\u00e8le Gemma 4 de Google passe enti\u00e8rement en open source et offre une IA locale puissante, m\u00eame sur les smatphones &#8211; ZDNET<\/a><\/div>\n<div class=\"srr-meta\"><time class=\"srr-date\" title=\"16 April 2026, 5:13 pm UTC\">16 avril 2026<\/time><\/div>\n\n<\/div><\/div><div class=\"srr-item\" ><div class=\"srr-item-in srr-clearfix\"><div class=\"srr-title\"><a href=\"https:\/\/www.bfmtv.com\/economie\/emploi\/de-plus-en-plus-de-fonctionnaires-utilisent-une-ia-clandestine-le-gouvernement-veut-une-negociation-avec-les-syndicats-pour-definir-des-regles-d-ethique-et-de-souverainete_AD-202604050132.html\" target=\"_blank\" rel=\"nofollow noopener noreferrer\" title=\"De plus en plus de fonctionnaires utilisent &quot;une IA clandestine&quot;, le gouvernement veut une n\u00e9gociation avec les syndicats pour d\u00e9finir des r\u00e8gles d&#039;\u00e9thique et de souverainet\u00e9\">De plus en plus de fonctionnaires utilisent &quot;une IA clandestine&quot;, le gouvernement veut une n\u00e9gociation avec les syndicats pour d\u00e9finir des r\u00e8gles d&#039;\u00e9thique et de souverainet\u00e9<\/a><\/div>\n<div class=\"srr-meta\"><time class=\"srr-date\" title=\"16 April 2026, 5:12 pm UTC\">16 avril 2026<\/time><\/div>\n\n<\/div><\/div><div class=\"srr-item srr-stripe\" ><div class=\"srr-item-in srr-clearfix\"><div class=\"srr-title\"><a href=\"https:\/\/theconversation.com\/les-etudiants-laissent-ils-vraiment-lia-ecrire-a-leur-place-une-etude-observe-ce-qui-se-passe-pendant-la-redaction-279592\" target=\"_blank\" rel=\"nofollow noopener noreferrer\" title=\"Les \u00e9tudiants laissent\u2011ils vraiment l\u2019IA \u00e9crire \u00e0 leur place\u00a0? Une \u00e9tude observe ce qui se passe pendant la\u00a0r\u00e9daction\">Les \u00e9tudiants laissent\u2011ils vraiment l\u2019IA \u00e9crire \u00e0 leur place\u00a0? Une \u00e9tude observe ce qui se passe pendant la\u00a0r\u00e9daction<\/a><\/div>\n<div class=\"srr-meta\"><time class=\"srr-date\" title=\"16 April 2026, 5:12 pm UTC\">16 avril 2026<\/time><\/div>\n\n<\/div><\/div><div class=\"srr-item\" ><div class=\"srr-item-in srr-clearfix\"><div class=\"srr-title\"><a href=\"https:\/\/www.frenchweb.fr\/dans-leconomie-de-lia-les-datasets-simposent-comme-un-actif-strategique\/460583\" target=\"_blank\" rel=\"nofollow noopener noreferrer\" title=\"Dans l\u2019\u00e9conomie de l\u2019IA, les datasets s\u2019imposent comme un actif strat\u00e9gique\">Dans l\u2019\u00e9conomie de l\u2019IA, les datasets s\u2019imposent comme un actif strat\u00e9gique<\/a><\/div>\n<div class=\"srr-meta\"><time class=\"srr-date\" title=\"16 April 2026, 5:12 pm UTC\">16 avril 2026<\/time><\/div>\n\n<\/div><\/div><div class=\"srr-item srr-stripe\" ><div class=\"srr-item-in srr-clearfix\"><div class=\"srr-title\"><a href=\"https:\/\/korben.info\/il-menace-un-agent-du-renseignement-en-parlant-a-chatgpt-le-raid-debarque-chez-lui.html\" target=\"_blank\" rel=\"nofollow noopener noreferrer\" title=\"Il menace un agent du renseignement en parlant \u00e0 ChatGPT, le RAID d\u00e9barque chez lui\">Il menace un agent du renseignement en parlant \u00e0 ChatGPT, le RAID d\u00e9barque chez lui<\/a><\/div>\n<div class=\"srr-meta\"><time class=\"srr-date\" title=\"16 April 2026, 5:12 pm UTC\">16 avril 2026<\/time><\/div>\n\n<\/div><\/div><div class=\"srr-item\" ><div class=\"srr-item-in srr-clearfix\"><div class=\"srr-title\"><a href=\"https:\/\/www.bfmtv.com\/tech\/intelligence-artificielle\/une-grenouille-dans-l-eau-bouillante-l-utilisation-de-l-ia-generative-pour-les-taches-cognitives-provoquerait-une-perte-de-capacites-intellectuelles-progressive-et-peut-etre-irremediable_AV-202604150558.html\" target=\"_blank\" rel=\"nofollow noopener noreferrer\" title=\"Une &quot;grenouille dans l\u2019eau bouillante&quot;: l\u2019utilisation de l\u2019IA g\u00e9n\u00e9rative pour les t\u00e2ches cognitives provoquerait une perte de capacit\u00e9s intellectuelles progressive, et peut-\u00eatre irr\u00e9m\u00e9diable?\">Une &quot;grenouille dans l\u2019eau bouillante&quot;: l\u2019utilisation de l\u2019IA g\u00e9n\u00e9rative pour les t\u00e2ches cognitives provoquerait une perte de capacit\u00e9s intellectuelles progressive, et peut-\u00eatre irr\u00e9m\u00e9diable?<\/a><\/div>\n<div class=\"srr-meta\"><time class=\"srr-date\" title=\"16 April 2026, 5:10 pm UTC\">16 avril 2026<\/time><\/div>\n\n<\/div><\/div><div class=\"srr-item srr-stripe\" ><div class=\"srr-item-in srr-clearfix\"><div class=\"srr-title\"><a href=\"https:\/\/www.journaldunet.com\/cybersecurite\/1549555-adapter-la-securite-a-l-ere-de-l-ia-agentique-une-priorite-en-2026\/\" target=\"_blank\" rel=\"nofollow noopener noreferrer\" title=\"Adapter la s\u00e9curit\u00e9 \u00e0 l&#039;\u00e8re de l&#039;IA agentique, une priorit\u00e9 en 2026\">Adapter la s\u00e9curit\u00e9 \u00e0 l&#039;\u00e8re de l&#039;IA agentique, une priorit\u00e9 en 2026<\/a><\/div>\n<div class=\"srr-meta\"><time class=\"srr-date\" title=\"16 April 2026, 5:10 pm UTC\">16 avril 2026<\/time><\/div>\n\n<\/div><\/div><div class=\"srr-item\" ><div class=\"srr-item-in srr-clearfix\"><div class=\"srr-title\"><a href=\"https:\/\/legrandcontinent.eu\/fr\/2026\/04\/10\/dejouer-les-llm-pour-une-ia-improbable\/\" target=\"_blank\" rel=\"nofollow noopener noreferrer\" title=\"D\u00e9jouer les LLM : pour une IA improbable | Le Grand Continent\">D\u00e9jouer les LLM : pour une IA improbable | Le Grand Continent<\/a><\/div>\n<div class=\"srr-meta\"><time class=\"srr-date\" title=\"16 April 2026, 5:09 pm UTC\">16 avril 2026<\/time><\/div>\n\n<\/div><\/div><div class=\"srr-item srr-stripe\" ><div class=\"srr-item-in srr-clearfix\"><div class=\"srr-title\"><a href=\"https:\/\/techxplore.com\/news\/2026-04-ai-fake-visual-images-dont.html\" target=\"_blank\" rel=\"nofollow noopener noreferrer\" title=\"AI models can fake visual understanding of images that don&#039;t exist\">AI models can fake visual understanding of images that don&#039;t exist<\/a><\/div>\n<div class=\"srr-meta\"><time class=\"srr-date\" title=\"12 April 2026, 5:08 pm UTC\">12 avril 2026<\/time><\/div>\n\n<\/div><\/div><div class=\"srr-item\" ><div class=\"srr-item-in srr-clearfix\"><div class=\"srr-title\"><a href=\"https:\/\/www.frandroid.com\/culture-tech\/intelligence-artificielle\/google-gemini\/3051659_comment-installer-google-gemma-4-sur-votre-smartphone-android-ou-iphone\" target=\"_blank\" rel=\"nofollow noopener noreferrer\" title=\"Comment installer Google Gemma 4 sur votre smartphone Android ou iPhone \u2014 Frandroid\">Comment installer Google Gemma 4 sur votre smartphone Android ou iPhone \u2014 Frandroid<\/a><\/div>\n<div class=\"srr-meta\"><time class=\"srr-date\" title=\"3 April 2026, 3:18 pm UTC\">3 avril 2026<\/time><\/div>\n\n<\/div><\/div><div class=\"srr-item srr-stripe\" ><div class=\"srr-item-in srr-clearfix\"><div class=\"srr-title\"><a href=\"https:\/\/www.zdnet.fr\/actualites\/productivite-cms-wordpress-com-transforme-les-agents-ia-en-veritables-gestionnaires-de-contenu-492645.htm\" target=\"_blank\" rel=\"nofollow noopener noreferrer\" title=\"Productivit\u00e9 CMS : WordPress.com transforme les agents IA en v\u00e9ritables gestionnaires de contenu - ZDNET\">Productivit\u00e9 CMS : WordPress.com transforme les agents IA en v\u00e9ritables gestionnaires de contenu &#8211; ZDNET<\/a><\/div>\n<div class=\"srr-meta\"><time class=\"srr-date\" title=\"3 April 2026, 7:09 am UTC\">3 avril 2026<\/time><\/div>\n\n<\/div><\/div><div class=\"srr-item\" ><div class=\"srr-item-in srr-clearfix\"><div class=\"srr-title\"><a href=\"https:\/\/korben.info\/surfshark-et-ia-generative.html\" target=\"_blank\" rel=\"nofollow noopener noreferrer\" title=\"Surfshark et IA g\u00e9n\u00e9rative :\u00a0l&#039;outil des attaquants devient celui des d\u00e9fenseurs\">Surfshark et IA g\u00e9n\u00e9rative :\u00a0l&#039;outil des attaquants devient celui des d\u00e9fenseurs<\/a><\/div>\n<div class=\"srr-meta\"><time class=\"srr-date\" title=\"3 April 2026, 7:09 am UTC\">3 avril 2026<\/time><\/div>\n\n<\/div><\/div><div class=\"srr-item srr-stripe\" ><div class=\"srr-item-in srr-clearfix\"><div class=\"srr-title\"><a href=\"https:\/\/www.neurociencies.ub.edu\/human-creativity-still-surpasses-ai\/\" target=\"_blank\" rel=\"nofollow noopener noreferrer\" title=\"Human creativity still surpasses AI - Institute of Neurosciences of the Universitat de Barcelona\">Human creativity still surpasses AI &#8211; Institute of Neurosciences of the Universitat de Barcelona<\/a><\/div>\n<div class=\"srr-meta\"><time class=\"srr-date\" title=\"3 April 2026, 7:08 am UTC\">3 avril 2026<\/time><\/div>\n\n<\/div><\/div><div class=\"srr-item\" ><div class=\"srr-item-in srr-clearfix\"><div class=\"srr-title\"><a href=\"https:\/\/www.latribune.fr\/article\/tech\/17696212098690\/la-promesse-dune-intelligence-artificielle-verte-se-heurte-a-la-boulimie-des-usages\" target=\"_blank\" rel=\"nofollow noopener noreferrer\" title=\"La promesse d&#039;une intelligence artificielle \u00ab verte \u00bb se heurte \u00e0 la boulimie des usages\">La promesse d&#039;une intelligence artificielle \u00ab verte \u00bb se heurte \u00e0 la boulimie des usages<\/a><\/div>\n<div class=\"srr-meta\"><time class=\"srr-date\" title=\"26 March 2026, 11:36 am UTC\">26 mars 2026<\/time><\/div>\n\n<\/div><\/div><div class=\"srr-item srr-stripe\" ><div class=\"srr-item-in srr-clearfix\"><div class=\"srr-title\"><a href=\"https:\/\/www.blogdumoderateur.com\/etude-anthropic-attentes-craintes-ia\/\" target=\"_blank\" rel=\"nofollow noopener noreferrer\" title=\"Anthropic a interrog\u00e9 81 000 personnes sur leurs attentes et craintes face \u00e0 l\u2019IA\">Anthropic a interrog\u00e9 81 000 personnes sur leurs attentes et craintes face \u00e0 l\u2019IA<\/a><\/div>\n<div class=\"srr-meta\"><time class=\"srr-date\" title=\"24 March 2026, 12:05 am UTC\">24 mars 2026<\/time><\/div>\n\n<\/div><\/div><div class=\"srr-item\" ><div class=\"srr-item-in srr-clearfix\"><div class=\"srr-title\"><a href=\"https:\/\/www.longevite.xyz\/p\/biographie-ia-le-piege-du-produit?utm_source=share&#038;utm_medium=android&#038;r=1e5svo&#038;triedRedirect=true&#038;_src_ref=google.com\" target=\"_blank\" rel=\"nofollow noopener noreferrer\" title=\"Biographie IA : le pi\u00e8ge du produit pour vieux\">Biographie IA : le pi\u00e8ge du produit pour vieux<\/a><\/div>\n<div class=\"srr-meta\"><time class=\"srr-date\" title=\"20 March 2026, 5:57 pm UTC\">20 mars 2026<\/time><\/div>\n\n<\/div><\/div><div class=\"srr-item srr-stripe\" ><div class=\"srr-item-in srr-clearfix\"><div class=\"srr-title\"><a href=\"https:\/\/www.portail-ie.fr\/univers\/blockchain-data-et-ia\/2026\/mistral-ai-sassocie-a-nvidia-pour-developper-les-modeles-dia-en-source-ouverte\/\" target=\"_blank\" rel=\"nofollow noopener noreferrer\" title=\"Mistral AI s\u2019associe \u00e0 NVIDIA pour d\u00e9velopper les mod\u00e8les d\u2019IA en source ouverte\">Mistral AI s\u2019associe \u00e0 NVIDIA pour d\u00e9velopper les mod\u00e8les d\u2019IA en source ouverte<\/a><\/div>\n<div class=\"srr-meta\"><time class=\"srr-date\" title=\"18 March 2026, 6:34 am UTC\">18 mars 2026<\/time><\/div>\n\n<\/div><\/div><div class=\"srr-item\" ><div class=\"srr-item-in srr-clearfix\"><div class=\"srr-title\"><a href=\"https:\/\/www.blogdumoderateur.com\/wordpress-plugins-officiels-claude-gemini-chatgpt\/\" target=\"_blank\" rel=\"nofollow noopener noreferrer\" title=\"WordPress lance 3 plugins officiels pour int\u00e9grer Claude, Gemini et ChatGPT\">WordPress lance 3 plugins officiels pour int\u00e9grer Claude, Gemini et ChatGPT<\/a><\/div>\n<div class=\"srr-meta\"><time class=\"srr-date\" title=\"18 March 2026, 6:33 am UTC\">18 mars 2026<\/time><\/div>\n\n<\/div><\/div><div class=\"srr-item srr-stripe\" ><div class=\"srr-item-in srr-clearfix\"><div class=\"srr-title\"><a href=\"https:\/\/fortune.com\/2026\/03\/06\/ai-job-losses-report-anthropic-research-great-recession-for-white-collar-workers\/\" target=\"_blank\" rel=\"nofollow noopener noreferrer\" title=\"Anthropic just mapped out which jobs AI could potentially replace. A \u2018Great Recession for white-collar workers\u2019 is absolutely possible\">Anthropic just mapped out which jobs AI could potentially replace. A \u2018Great Recession for white-collar workers\u2019 is absolutely possible<\/a><\/div>\n<div class=\"srr-meta\"><time class=\"srr-date\" title=\"18 March 2026, 6:32 am UTC\">18 mars 2026<\/time><\/div>\n\n<\/div><\/div><\/div><\/div><\/div><\/div><!-- End - Super RSS Reader --><\/div><\/div><div id=\"pgc-gb193-69f9d898add2a-0-1\"  class=\"panel-grid-cell\" ><div id=\"panel-gb193-69f9d898add2a-0-1-0\" class=\"so-panel widget widget_super_rss_reader panel-first-child panel-last-child\" data-index=\"1\" ><h3 class=\"widget-title\">Quantique<\/h3><!-- Start - Super RSS Reader v5.4-->\r\n        <div class=\"super-rss-reader-widget\"><div class=\"srr-main\"><div class=\"srr-wrap srr-style-grey\" data-id=\"srr-tab-770\"><p>RSS Error: A feed could not be found at `https:\/\/www.inoreader.com\/stream\/user\/1006134092\/tag\/_Quantique`; the status code is `200` and content-type is `text\/html; charset=UTF-8`<\/p><\/div><\/div><\/div><!-- End - Super RSS Reader --><\/div><\/div><\/div><div id=\"pg-gb193-69f9d898add2a-1\"  class=\"panel-grid panel-no-style\" ><div id=\"pgc-gb193-69f9d898add2a-1-0\"  class=\"panel-grid-cell panel-grid-cell-mobile-last\" ><div id=\"panel-gb193-69f9d898add2a-1-0-0\" class=\"so-panel widget widget_super_rss_reader panel-first-child panel-last-child\" data-index=\"2\" ><h3 class=\"widget-title\">Research Integrity<\/h3><!-- Start - Super RSS Reader v5.4-->\r\n        <div class=\"super-rss-reader-widget\"><div class=\"srr-main\"><div class=\"srr-wrap srr-style-grey\" data-id=\"srr-tab-954\"><p>RSS Error: A feed could not be found at `https:\/\/www.inoreader.com\/stream\/user\/1006134092\/tag\/_Research_Integrity`; the status code is `200` and content-type is `text\/html; charset=UTF-8`<\/p><\/div><\/div><\/div><!-- End - Super RSS Reader --><\/div><\/div><div id=\"pgc-gb193-69f9d898add2a-1-1\"  class=\"panel-grid-cell panel-grid-cell-empty\" ><\/div><\/div><\/div>\n\n\n<p><\/p>\n","protected":false},"excerpt":{"rendered":"","protected":false},"author":1,"featured_media":0,"parent":0,"menu_order":11,"comment_status":"closed","ping_status":"closed","template":"","meta":{"footnotes":"","_links_to":"","_links_to_target":""},"class_list":["post-193","page","type-page","status-publish","hentry"],"_links":{"self":[{"href":"https:\/\/news.1ntel.fr\/index.php\/wp-json\/wp\/v2\/pages\/193","targetHints":{"allow":["GET"]}}],"collection":[{"href":"https:\/\/news.1ntel.fr\/index.php\/wp-json\/wp\/v2\/pages"}],"about":[{"href":"https:\/\/news.1ntel.fr\/index.php\/wp-json\/wp\/v2\/types\/page"}],"author":[{"embeddable":true,"href":"https:\/\/news.1ntel.fr\/index.php\/wp-json\/wp\/v2\/users\/1"}],"replies":[{"embeddable":true,"href":"https:\/\/news.1ntel.fr\/index.php\/wp-json\/wp\/v2\/comments?post=193"}],"version-history":[{"count":4,"href":"https:\/\/news.1ntel.fr\/index.php\/wp-json\/wp\/v2\/pages\/193\/revisions"}],"predecessor-version":[{"id":337,"href":"https:\/\/news.1ntel.fr\/index.php\/wp-json\/wp\/v2\/pages\/193\/revisions\/337"}],"wp:attachment":[{"href":"https:\/\/news.1ntel.fr\/index.php\/wp-json\/wp\/v2\/media?parent=193"}],"curies":[{"name":"wp","href":"https:\/\/api.w.org\/{rel}","templated":true}]}}